git of 212004?
4
What is the millions digit of 6662732?
6
What is the thousands digit of 3014023?
4
What is the hundred thousands digit of 327752?
3
What is the hundreds digit of 10583369?
3
What is the hundreds digit of 1751173?
1
What is the thousands digit of 273087?
3
What is the thousands digit of 4107?
4
What is the ten thousands digit of 243039?
4
What is the hundreds digit of 1148709?
7
What is the hundreds digit of 1121504?
5
What is the ten thousands digit of 675912?
7
What is the tens digit of 6701564?
6
What is the units digit of 365111?
1
What is the ten thousands digit of 102113?
0
What is the hundreds digit of 300803?
8
What is the thousands digit of 13221?
3
What is the tens digit of 7460923?
2
What is the tens digit of 3264417?
1
What is the ten thousands digit of 256736?
5
What is the thousands digit of 409000?
9
What is the hundreds digit of 335426?
4
What is the thousands digit of 482674?
2
What is the ten thousands digit of 4212667?
1
What is the units digit of 7040613?
3
What is the thousands digit of 3462740?
2
What is the units digit of 841408?
8
What is the units digit of 3938448?
8
What is the units digit of 44602?
2
What is the thousands digit of 582552?
2
What is the ten thousands digit of 5156808?
5
What is the thousands digit of 909423?
9
What is the ten thousands digit of 958660?
5
What is the units digit of 339061?
1
What is the ten thousands digit of 9382297?
8
What is the units digit of 493073?
3
What is the ten thousands digit of 3953489?
5
What is the tens digit of 435586?
8
What is the hundreds digit of 2516486?
4
What is the hundreds digit of 54569?
5
What is the thousands digit of 16169762?
9
What is the hundred thousands digit of 592418?
5
What is the hundreds digit of 233795?
7
What is the ten thousands digit of 27958996?
5
What is the millions digit of 3644734?
3
What is the thousands digit of 438577?
8
What is the tens digit of 1655029?
2
What is the hundreds digit of 119037?
0
What is the tens digit of 20303062?
6
What is the thousands digit of 113429?
3
What is the thousands digit of 258446?
8
What is the thousands digit of 278667?
8
What is the hundreds digit of 3369182?
1
What is the units digit of 1364878?
8
What is the thousands digit of 103766?
3
What is the units digit of 281210?
0
What is the millions digit of 1290156?
1
What is the thousands digit of 408918?
8
What is the tens digit of 274143?
4
What is the tens digit of 486641?
4
What is the tens digit of 11044527?
2
What is the millions digit of 1264790?
1
What is the tens digit of 364691?
9
What is the hundreds digit of 1620427?
4
What is the tens digit of 577131?
3
What is the thousands digit of 99564?
9
What is the tens digit of 784707?
0
What is the units digit of 298704?
4
What is the units digit of 18230120?
0
What is the hundreds digit of 164945?
9
What is the units digit of 1601542?
2
What is the hundreds digit of 266259?
2
What is the ten thousands digit of 1380705?
8
What is the ten thousands digit of 127197?
2
What is the units digit of 646016?
6
What is the hundreds digit of 31965869?
8
What is the ten thousands digit of 183768?
8
What is the units digit of 8452?
2
What is the thousands digit of 877554?
7
What is the hundred thousands digit of 463304?
4
What is the hundreds digit of 197579?
5
What is the hundreds digit of 2872553?
5
What is the tens digit of 8402563?
6
What is the units digit of 21009?
9
What is the millions digit of 2903309?
2
What is the hundred thousands digit of 390301?
3
What is the units digit of 5845923?
3
What is the hundreds digit of 878951?
9
What is the millions digit of 3530611?
3
What is the millions digit of 2608091?
2
What is the units digit of 11581363?
3
What is the ten millions digit of 25664692?
2
What is the hundred thousands digit of 13302209?
3
What is the units digit of 34610758?
8
What is the tens digit of 46390?
9
What is the ten millions digit of 13686976?
1
What is the units digit of 426981?
1
What is the hundreds digit of 70037?
0
What is the hundred thousands digit of 3717894?
7
What is the units digit of 536989?
9
What is the thousands digit of 386539?
6
What is the thousands digit of 16476435?
6
What is the tens digit of 2005599?
9
What is the hundred thousands digit of 2315704?
3
What is the hundreds digit of 36865?
8
What is the tens digit of 781923?
2
What is the thousands digit of 7834178?
4
What is the units digit of 3239915?
5
What is the tens digit of 7817422?
2
What is the thousands digit of 13083140?
3
What is the units digit of 1833287?
7
What is the hundreds digit of 96061?
0
What is the thousands digit of 75107?
5
What is the tens digit of 4510433?
3
What is the hundreds digit of 155606?
6
What is the tens digit of 712996?
9
What is the units digit of 1127060?
0
What is the hundred thousands digit of 7404459?
4
What is the units digit of 519048?
8
What is the thousands digit of 500019?
0
What is the thousands digit of 1323327?
3
What is the millions digit of 1023483?
1
What is the tens digit of 16544985?
8
What is the units digit of 343045?
5
What is the thousands digit of 596218?
6
What is the hundred thousands digit of 5999104?
9
What is the ten thousands digit of 8584352?
8
What is the hundreds digit of 299761?
7
What is the thousands digit of 27207?
7
What is the millions digit of 1275143?
1
What is the millions digit of 4323821?
4
What is the millions digit of 14728876?
4
What is the millions digit of 8493285?
8
What is the hundred thousands digit of 13309483?
3
What is the ten millions digit of 27308067?
2
What is the units digit of 722773?
3
What is the ten thousands digit of 2399496?
9
What is the units digit of 913?
3
What is the tens digit of 17005431?
3
What is the thousands digit of 874363?
4
What is the units digit of 377739?
9
What is the tens digit of 82682?
8
What is the hundred thousands digit of 7393900?
3
What is the tens digit of 2546725?
2
What is the ten thousands digit of 741428?
4
What is the tens digit of 5575070?
7
What is the units digit of 620721?
1
What is the units digit of 59790?
0
What is the tens digit of 260550?
5
What is the hundreds digit of 2950020?
0
What is the hundreds digit of 321136?
1
What is the thousands digit of 372002?
2
What is the ten thousands digit of 2017722?
1
What is the ten thousands digit of 4145937?
4
What is the hundred thousands digit of 19667269?
6
What is the units digit of 971933?
3
What is the ten thousands digit of 424218?
2
What is the hundred thousands digit of 2431299?
4
What is the hundreds digit of 403207?
2
What is the thousands digit of 144755?
4
What is the ten thousands digit of 413744?
1
What is the thousands digit of 19740792?
0
What is the thousands digit of 4623834?
3
What is the ten millions digit of 13675583?
1
What is the thousands digit of 3097944?
7
What is the millions digit of 10521035?
0
What is the units digit of 1473638?
8
What is the tens digit of 19794704?
0
What is the tens digit of 806004?
0
What is the hundreds digit of 9893497?
4
What is the tens digit of 3897494?
9
What is the units digit of 2017373?
3
What is the thousands digit of 876809?
6
What is the hundreds digit of 349365?
3
What is the ten thousands digit of 14480088?
8
What is the hundred thousands digit of 766969?
7
What is the thousands digit of 146604?
6
What is the millions digit of 1018174?
1
What is the tens digit of 680437?
3
What is the ten thousands digit of 8586677?
8
What is the units digit of 170290?
0
What is the units digit of 7462909?
9
What is the hundred thousands digit of 8796279?
7
What is the ten thousands digit of 532597?
3
What is the hundred thousands digit of 5138137?
1
What is the tens digit of 590772?
7
What is the hundred thousands digit of 726360?
7
What is the units digit of 1036627?
7
What is the ten thousands digit of 15381623?
8
What is the units digit of 1694064?
4
What is the units digit of 2179454?
4
What is the thousands digit of 118428?
8
What is the tens digit of 192571?
7
What is the hundred thousands digit of 419658?
4
What is the hundred thousands digit of 1199052?
1
What is the hundred thousands digit of 348845?
3
What is the hundreds digit of 308234?
2
What is the hundred thousands digit of 308061?
3
What is the thousands digit of 4678494?
8
What is the units digit of 43